 = 34 - 24. Let v(c) = -80*c**3 + 6*c + 4. What is the remainder when v(-1) is divided by i?
8
Let b = 30 - 26. Suppose b*g = -4*x + 88, -16 = x + 3*x. Let m(r) = -r - 1. Calculate the remainder when g is divided by m(-10).
8
Suppose 1077 - 34437 = -322*a + 772. Calculate the remainder when 2425 is divided by a.
93
Let p be ((-3)/4)/((-2)/24). Suppose -39*f + 19*f + 100 = 0. Suppose f*i = p*i - 112. Calculate the remainder when 78 is divided by i.
22
Suppose -27*j - 175 = -32*j. Calculate the remainder when 10 + (4 - 11) + 171 is divided by j.
34
Let t(h) = 33*h**3 - 2*h**2 - 5*h + 7. Let r be t(1). Let g = r - 30. What is the remainder when 74 is divided by g?
2
Suppose 0 = -10*k + 58585 - 58355. What is the remainder when 929 is divided by k?
9
Let c(s) = s**2 + 35*s + 5. Let j be c(-17). Let p = -241 - j. Calculate the remainder when p is divided by 11.
5
Let i(d) = 8*d**2 - 40*d - 1. Calculate the remainder when i(6) is divided by 33.
14
Suppose 6*w - 15*w = -80*w + 46718. Calculate the remainder when w is divided by 326.
6
Let p(d) = -23 + 5*d**2 - 5*d**2 + 17 + 2*d**2 + 4*d. Calculate the remainder when 419 is divided by p(-6).
41
Let f be ((-378)/18)/((-2)/6). What is the remainder when 32 is divided by 34 - (-4 - f/(-7))?
3
Let v(o) = -2*o + 1. Suppose 14*l - 3*l = -231. Let w(t) = t**3 + 22*t**2 + 16*t - 57. What is the remainder when w(l) is divided by v(-3)?
6
Suppose 61*c - 3002 = 23*c. Let u be (36/10 - 3)*5. Suppose 0 = 3*n - 27 + u. What is the remainder when c is divided by n?
7
Let n = 98 + -88. Suppose 3*m + 7*a = 6*a + n, 0 = -4*a + 16. What is the remainder when 12 is divided by m?
0
Suppose 2*m = 4*q - 5698, -29*q + 5707 = -25*q + m. Calculate the remainder when q is divided by 8.
2
Let q = 409 + -404. Calculate the remainder when 238 + (q - -1) + -2*1 is divided by 27.
26
Let n be (-242)/(1 + -5 + 6). Let c = -102 - n. Let r = -115 + 149. What is the remainder when r is divided by c?
15
Suppose 336566 = 117*c - 116926. Calculate the remainder when c is divided by 40.
36
Let l be 2 + -3 + -21 + 2. Let a = l + 37. What is the remainder when 25029/1236*(-4)/(-3) is divided by a?
10
Let m = 10 - 28. Let v be 10/4*(-54)/(-15). Calculate the remainder when (-1434)/m + (-6)/v is divided by 16.
15
Suppose -91*b = -88*b - 75. Suppose -4*s = -4*i + 180, -13*i + 10*i + s = -125. Calculate the remainder when i is divided by b.
15
What is the remainder when 940 is divided by (-94)/(-658) + 1210/7?
75
Suppose 2*p + 17 = 5*w - 69, 0 = -w + 4*p + 10. Calculate the remainder when 374 is divided by w.
14
Suppose 0 = 5*q - 5*n - 25, -5*q = 2*n - 0*n - 4. Let p(m) = 2*m**2 + 7*m - 2*m**3 + m**3 - 3*m**2 + q. Calculate the remainder when 65 is divided by p(-4).
21
Let c = -5182 - -5293. What is the remainder when 14428 is divided by c?
109
Let w(m) = -10*m - 14. Let t be 8 + ((-21)/12 - (-1)/(-4)). Let g be 1/(t/4*(-2)/9). Calculate the remainder when 55 is divided by w(g).
7
Let u(j) be the first derivative of 10*j**3/3 - 5*j**2/2 + 4*j + 221. Calculate the remainder when 61 is divided by u(1).
7
Let c = -153612 - -99592. What is the remainder when c/(-259) + 3/7 is divided by 70?
69
Suppose 0 = 15*k - 15471 - 1834 + 2005. Calculate the remainder when k is divided by 33.
30
Let r be 3306/26 + (-4)/26. Let q = -116 + r. Let d(o) = 3*o**3 + o**2 - o + 1. Calculate the remainder when q is divided by d(1).
3
Let m be 3 - ((-36)/9 + 6/3). Suppose 4*w = 5*d - 74 + 29, -4*d + 45 = -m*w. What is the remainder when 23 is divided by d?
3
Let x be 402/30 - -7 - (-2)/(-5). Calculate the remainder when 121 - x*(-1)/(-4) is divided by 13.
12
Suppose 81*b = -30*b + 5776 + 7655. What is the remainder when 210 is divided by b?
89
Let n = 134 - 136. Let w be ((-790)/n)/(-5) + 2. Let q = -17 - w. What is the remainder when 299 is divided by q?
59
Calculate the remainder when 8 + (-20 - -14) + (-7)/((-14)/1240) is divided by 17.
10
Suppose -2496 = -24*f - 1920. Calculate the remainder when 81 is divided by f.
9
Let h(u) = 133*u**2 + 1. Let k(m) = -2*m**2 - 51*m - 4. Let j be k(-18). Let s = -257 + j. What is the remainder when h(-1) is divided by s?
8
Let g be 2*-55 - 30/(-10). Let a = g - -137. What is the remainder when a is divided by (7 + -1)/(6/8)?
6
Let q(y) = -2*y - 12. Let m be q(-8). Suppose r + 7 = 2*j, 5*j + 4*r = 6*j + 14. Calculate the remainder when 70 is divided by (-7 + 23)/(m/j).
22
Let y(v) = -v**3 - 13*v**2 - v + 4. Let q = 152 + -98. Calculate the remainder when (0 - 0) + (q - 21) is divided by y(-13).
16
Suppose 0*u = 5*u - 370. Suppose 0 = 4*b + 4*s + s + 84, -3*b - s = u. Let m = b + 38. What is the remainder when 20 is divided by m?
8
Suppose -2*r + 2*i = 6*i - 304, 440 = 3*r - 10*i. What is the remainder when r is divided by 68?
14
Let g = -612 - -627. Calculate the remainder when (-108)/(-10)*100/g is divided by 53.
19
Suppose -793*k - 2140 = -813*k. Calculate the remainder when 389 is divided by k.
68
Suppose 8848 = 3*r - 5006. What is the remainder when r is divided by 6?
4
Let b(j) = 107 + 171*j**2 - 172*j**2 + 5*j + 23. Calculate the remainder when 26 is divided by b(14).
2
Let d(z) = 50*z - 976. Calculate the remainder when d(21) is divided by 25.
24
Let v(a) = -2*a**3 + 18*a**2 - 13*a - 1. Let j be v(7). Suppose -t + j = 3*y, y = 5*t - 3*y - 444. What is the remainder when t is divided by 32?
28
Suppose l - 12 = -2*l. Let d be (-42)/(-35) - 1024/(-5). Suppose f - l*f + 128 = 2*v, 0 = 5*f - 4*v - d. Calculate the remainder when 167 is divided by f.
41
Calculate the remainder when 408 is divided by (77*129/473)/(1 + (-8)/10).
93
Let c be ((-22)/88)/(3/(-60)). Suppose 5*p = c*u - 1685, -2*u + 0*p - 5*p + 660 = 0. Calculate the remainder when u is divided by 112.
111
Let f = -7819 + 8146. Calculate the remainder when f is divided by 64.
7
Suppose -5*h + 4*h - 2 = 0. Let w = -2 - h. Suppose w*b - 3*b = -9. Calculate the remainder when 5 is divided by b.
2
Let d(z) = z**3 + 9*z**2 + 4*z - 64. Suppose 34*a - 25*a = 585. What is the remainder when a is divided by d(-7)?
5
Calculate the remainder when 193 is divided by ((-21)/(-14)*8/(-6))/((-6)/195).
63
Suppose -3*j + 61 = f - 0*f, -5*j = f - 67. Let n = 57 - f. Let q(u) = u**2 + 3*u - 4. What is the remainder when q(n) is divided by 10?
6
Let c(s) = -s**3 - 4*s**2 + 6*s + 7. Let p = 569 - 407. Calculate the remainder when p is divided by c(-6).
33
Suppose h + h = p - 4, -2*h = 5*p - 8. Suppose -5*m - 90 = -p*w, -3*w - 3*m = -8*m - 135. Calculate the remainder when 177 is divided by w.
42
Suppose -5*j - 2*t - 1 = 0, j - 3*t + 1 = 11. What is the remainder when j*5/(-5) - -219 is divided by 56?
50
Let j be (-8)/6*(-9144)/96. Let y = 178 - j. Calculate the remainder when y is divided by (19/38)/(1/108*3).
15
Let x be (-10)/(-3)*9/6. Suppose -2*u = 4*r + 62, -10 = x*r - 7*r. Let b = 50 + u. What is the remainder when 26 is divided by b?
8
Let v = 4711 + -4195. Calculate the remainder when v is divided by 35.
26
Let n(x) = 26*x**2 + 18*x + 75. What is the remainder when 442 is divided by n(-3)?
187
Suppose 98*c - 35 = 91*c. Suppose 5*l = -c*w + 45 + 20, l - 41 = -3*w. Let d = 21 - -16. Calculate the remainder when d is divided by w.
9
Suppose -1141*y + 1140*y = -5*i + 414, -3*i + 3*y = -258. Let v(x) = x**3 - x + 37. Calculate the remainder when i is divided by v(0).
8
Suppose -6*j = -3*k - 5*j + 24, 5*k + 3*j = 40. Let y = 10 + k. What is the remainder when 89 is divided by y?
17
Let v be (-32)/(-2)*2619/(-6). Let l be 544/(-24)*((-2)/4 + 2). What is the remainder when v/(-408) + 4/l is divided by 3?
2
Suppose -24*y + 3024 = 60*y. What is the remainder when 932 is divided by y?
32
Suppose 51 = 8*s - 7*s + 2*l, -3*s - 3*l = -144. Suppose 3017 - 971 = 22*a. Calculate the remainder when a is divided by s.
3
Let c(t) = t + 10. Let j be c(-8). Suppose -j*f - 2*i = -34, 27 = f - 0*f - 4*i. Calculate the remainder when (-3)/(-3)*(-17 - -167) is divided by f.
17
Suppose 8*p - 9*p + 142 = -c, 4*c = -20. Let t = p + -114. What is the remainder when t is divided by 8?
7
Let h = 307 + 234. Let w = h + -298. Calculate the remainder when w is divided by 59.
7
Calculate the remainder when 67235/113 - -4*(-2)/4 is divided by 9.
8
Suppose -15*q + 6*q - 81 = 0. Let y be q/27*(-16 + 1). Suppose 4*r + 72 